*l = -3*l + 71. Suppose -23 = f + 53. What is the remainder when w is divided by (-4)/(-10) - f/10?
7
What is the remainder when 164 is divided by (-2)/(-25) + (-68309)/(-2075)?
32
Suppose -28*m = -22*m + 31*m - 6660. What is the remainder when m is divided by 78?
24
Suppose -9*r - 17 = 10. What is the remainder when 25 is divided by r*6/36*-20?
5
Let x = -86 + 100. Suppose -5*o + 25 + 225 = 0. Suppose -o*a + 54*a = 220. What is the remainder when a is divided by x?
13
Let b be ((-12)/21)/(150/(-35) - -4). Suppose -12*m = -7*m - b*h - 94, h - 63 = -3*m. What is the remainder when (-2)/(-8) - (-921)/12 is divided by m?
17
Let c(g) = 8*g - 175. Calculate the remainder when 319 is divided by c(41).
13
Suppose 193*r = 15*r - 16*r + 54514. Calculate the remainder when 2259 is divided by r.
11
Suppose 335934 = 58*m + 110372. What is the remainder when m is divided by 1939?
11
Let i be (-2 - 15/(-12)) + (-230)/(-40). What is the remainder when 287/i + 64/(-160) is divided by 26?
5
Let h(w) = 194*w - 1. Let m be h(1). Suppose -617 = -5*s + m. What is the remainder when s is divided by (-3)/(-8) + 29*(-90)/(-80)?
30
Suppose 0 = 5*q - s - 375 - 231, 0 = s + 1. Calculate the remainder when q is divided by 34.
19
Suppose 6*h = -2*h - 2232. Let q = h + 283. What is the remainder when 10 is divided by q?
2
Let q = 701 + -699. Suppose 0*h - q*h = -8, -1407 = -5*b - 3*h. Calculate the remainder when b is divided by 5.
4
Let j = -29419 + 30961. Calculate the remainder when j is divided by 128.
6
Let t(d) = 3*d**2 + 4*d + 3. Let q be t(-1). Suppose -701 = q*j - 769. What is the remainder when 123 is divided by j?
21
Let i = 605 - 374. Calculate the remainder when i is divided by 8.
7
Let s(l) = 2*l**3 - 4*l**2 - l + 4. Let g be (-3 + (-2 - -3))/((-2)/4). Calculate the remainder when s(g) is divided by (-66)/2*5/(-15).
9
Let k be -7*(-1)/((-1)/(2/7)). Let q = k - -24. What is the remainder when 63 is divided by q?
19
Let o = 15494 - 15154. Calculate the remainder when 19378 is divided by o.
338
Let i(d) = -147*d + 447. Suppose v + v = 86. Calculate the remainder when v is divided by i(3).
1
Let a(s) = 88*s**2 - s. Suppose -3*j = 8*z - 230, -17*z + 5*j - 100 = -19*z. What is the remainder when a(1) is divided by z?
12
Let m(h) = 9*h**2 + 11*h + 32. Let w be m(7). Calculate the remainder when (-1)/(-3) + 100/6 is divided by 238/22 - (-100)/w.
6
Let g(z) = z**3 - 2*z**2 - 2*z + 3. Let y be g(2). Let k(h) = -18*h - 1. Suppose -46 = 41*o - 235 - 1164. Calculate the remainder when o is divided by k(y).
16
Suppose -3*v + 67 = 4*z, -v - 7 + 29 = z. Suppose 0 = 7*w - v*w + 308. Calculate the remainder when w is divided by 8.
6
Let c(p) be the second derivative of -10*p**3 - 2*p**2 - 22*p. Let w be c(-1). Let j = -43 + w. Calculate the remainder when 18 is divided by j.
5
Suppose 64 = 3*m + d, -5*m + d = -32 - 64. Let t be (42/7*(-50)/(-6))/2. Let y = 36 - t. What is the remainder when m is divided by y?
9
Suppose -p + 747 = -2*u, 2*u - 2217 = -8*p + 5*p. Calculate the remainder when p is divided by 146.
11
Let v = 26434 + -26420. Let r(j) = 38*j**2. What is the remainder when r(-1) is divided by v?
10
Let l = 78 - 49. Suppose l = -5*z + 104. What is the remainder when 22/(-44) - (-110)/4 is divided by z?
12
Suppose -2*h = -4*p + 98, -10*p + 3*h + 162 + 81 = 0. Calculate the remainder when 2231 is divided by p.
23
Suppose -4*m - 455 = -9*m. Let a = -83 + m. What is the remainder when 2/7 + (-649)/(-7) + 0 is divided by a?
5
Suppose -4*n - 140 = -48. Let h = n + 0. Let i = 48 + h. Calculate the remainder when 99 is divided by i.
24
Let d = -67 + 179. Let k = -73 - -134. Let p = d - k. What is the remainder when p is divided by 18?
15
Suppose 4613 = -2*g - o, -3*g = -0*g - o + 6907. What is the remainder when g/(-84) - 12/(-21) is divided by 13?
2
Suppose -2*j + 4 = 0, 4*c - 48 = 3*j + 54. What is the remainder when 1430 is divided by c?
26
Let o = 4213 - 4197. Let r(a) = a**3 - 14*a**2 + 18*a - 5. What is the remainder when r(13) is divided by o?
12
Let a(n) = 2287*n - 59355. Let r be (-104)/(-18) + (-4)/(-18). Let v = r - -30. Calculate the remainder when a(26) is divided by v.
35
Suppose 0 = k + 4*k - 80. Let b = -22 - -27. Let v(y) = -y**3 + 5*y**2 + 8*y - 4. Calculate the remainder when v(b) is divided by k.
4
Suppose 0 = 288*b - 884826 - 576039 - 255903. Calculate the remainder when b is divided by 21.
18
Suppose -132*q = -122*q - 50. Suppose 0 = q*d - 4*k - 177, 5*d + 3*k - 175 = 8*k. What is the remainder when 143 is divided by d?
32
Let d be 2/3 - ((-5190)/18 + 6). Let i = d + -265. What is the remainder when 105 is divided by i?
15
Suppose 20 = -6*j + 62. Suppose -j*r + 16*r - 72 = 0. Calculate the remainder when 74 is divided by r.
2
Suppose 0*g - g = -51. Let f = -582 - -564. Let p(u) = -3*u**2 - 58*u - 59. What is the remainder when g is divided by p(f)?
12
Let m = 29765 + -29758. Calculate the remainder when 1461 is divided by m.
5
Let s be 530*(-5 + (-27)/(-6)). Let o = s + 268. What is the remainder when 79 is divided by o?
1
Suppose 69*b - 1718 = -407. What is the remainder when 99 is divided by b?
4
Suppose 0*j = -5*j + 5, 0 = 2*u - 2*j - 6. Suppose -4*k + k + 30 = 3*i, u*i = 3*k - 65. Calculate the remainder when 132 is divided by k.
12
Let r = 1829 - -1011. What is the remainder when r is divided by 7?
5
Let f = 1529 - 1423. Calculate the remainder when 279 is divided by f.
67
Suppose -v + 204 = -p, -16*p + 1065 = 5*v - 12*p. Calculate the remainder when v is divided by 99.
11
Suppose -5*w + 3*z = -75, 4*z - 97 = -5*w + 13. Let u = -201 + 186. Let j = w - u. Calculate the remainder when j is divided by 18.
15
Suppose 0 = 2*a + 3*i - 605, 0 = -3*i + 2*i + 5. What is the remainder when 631 is divided by a?
41
Let c be (2 - 14/4)/((-15)/40). Suppose 4*w = -c*o + 8*o - 136, -o + 54 = -5*w. Calculate the remainder when 722 is divided by o.
26
Let d(q) = 7*q + 29. Let r(m) = -1. Let a(s) = -d(s) - 3*r(s). What is the remainder when a(-10) is divided by (10 - -2)/(6/8)?
12
Let c(p) = p**3 + 4*p**2 - 5*p - 7. Let v be c(-5). What is the remainder when (24*-14)/(-7)*1 is divided by (v/(-2) - 3)*34?
14
Let d = -42 + 39. What is the remainder when (d/(-12))/(10/(-8))*-145 is divided by 8?
5
Let a(q) = -11*q**2 - 216*q + 140. What is the remainder when 3413 is divided by a(-20)?
53
Let s(g) = -g**3 + 2*g**2 - 2*g + 3. Let u(y) = -7*y**2 + 171*y + 134. What is the remainder when s(-6) is divided by u(25)?
31
Let u = -5848 + 6034. What is the remainder when u is divided by 44?
10
Let t = 30 - 13. Let l(y) = -80*y**2 + 1442*y - 24. What is the remainder when t is divided by l(18)?
5
Let x = 67 + -63. Let q(r) = r - 2. Let n(v) = -v**3 - 4*v**2 - v + 2. Let a be n(-4). What is the remainder when q(a) is divided by x?
0
Calculate the remainder when (242/(-7))/((-63)/441) is divided by 52.
34
Let s = -50 + 96. Let h(d) = 2*d**2 - 10*d + 5. Let r be h(5). Suppose 4*g - 110 = -r*p, 10*p - 3*g - 119 = 6*p. Calculate the remainder when s is divided by p.
20
Let i = -190 - -441. What is the remainder when i is divided by 14?
13
Let j = 3132 + -2122. Suppose 8*f - 606 = j. Calculate the remainder when f is divided by 59.
25
Let h be (-3 - -1)*303/(-6). Suppose -h*i - 111 = -104*i. Suppose r = -2*n + 13 + 7, 20 = 5*n - 5*r. What is the remainder when i is divided by n?
5
Calculate the remainder when 341 is divided by 4404/30 + 4 + (-38)/10.
47
Suppose -l - 11 = 3*g - 39, 4*l = -3*g + 67. Suppose 98 = l*p - 6*p. What is the remainder when 41 is divided by p?
13
Suppose -2*g + 65 = -c + 6*c, 3*g - 2*c = 50. Calculate the remainder when (11 + 0)*3 - (-21 + g) is divided by 20.
14
Calculate the remainder when 214 is divided by 1*-6 + 2 - (-33)/(429/754).
52
Let d(w) = -3*w + 12. Let s be d(4). Suppose 4*r + 11 = -5*n, s = 4*n - 4*r + 13 + 3. What is the remainder when 43 is divided by (-11)/2*(n - (1 + -2))?
10
Suppose 3*z - 120 = z - 4*j, j + 249 = 4*z. Calculate the remainder when 495 is divided by z.
61
Suppose 9016 = 5*q + 5*c + 2116, 4132 = 3*q + c. Calculate the remainder when q is divided by 24.
8
Suppose 0 = -9*z + 1594 + 1556. Let s = -60 + z. What is the remainder when s is divided by 97?
96
Calculate the remainder when 177 is divided by 3/(-42) - 114300/(-840).
41
Le